v be (-150)/45*12/(-10). Suppose -213 = -a + v*i, -i = 2*a + 2*i - 426. Is a prime?
False
Suppose -5*c + 2530 + 1155 = 0. Is c a composite number?
True
Suppose 2*y + 90 = 4*h, -99 = -y + 3*y - h. Let x(u) = -9*u**3 + 4*u**2 + 2*u - 2. Let f be x(-2). Let m = f + y. Is m a composite number?
False
Let n be 57*(4/2 + -1). Let g = n + -31. Is g a prime number?
False
Let b be (-9)/(-2)*(-6)/(-9). Suppose -v - 228 = -b*v. Suppose 2*j = v + 40. Is j prime?
False
Let q be (-2)/5 - 34/(-10). Suppose 0 = q*w - 15 + 3. Is w/2*13/2 composite?
False
Suppose -2*w = -3*d + 104, 2*d - 79 = -3*w + 12. Suppose -4*a - h + 8 = 75, 0 = -2*a - 2*h - d. Is (-195)/(-4) - 4/a composite?
True
Let f(w) = w**3 + 8*w**2 + 6*w + 4. Let l be f(-5). Suppose -3*j = -8*j - 5*x + 225, 5*x - l = -j. Suppose j = -5*a + 9*a. Is a a composite number?
False
Let c(p) = 6*p**2 - p - 6. Let g be ((-2)/(-1) - 3)*-4. Let i = g - 9. Is c(i) prime?
True
Let p = 2179 - 1002. Is p a prime number?
False
Let y(p) be the third derivative of -5*p**4/24 + p**3/6 - 2*p**2. Let b be y(1). Let u = b + 7. Is u composite?
False
Suppose 4*s = -12, 2*v = s - 2*s - 13. Let m be (-2)/(-5) - (-42)/v. Let r(p) = -p**3 - 7*p**2 - 5*p - 7. Is r(m) a prime number?
True
Suppose -2*m + 586 + 358 = -2*r, -5*r = 15. Is m composite?
True
Let z(g) = g**3 + 10*g**2 - 14*g - 27. Is z(-8) a prime number?
False
Suppose 0 = f + 2*f - 111. Is f prime?
True
Is (-591 - -4)*6/(-6) a composite number?
False
Let l be 1/((-1)/7 + 0). Let q = 1 + 14. Let w = q - l. Is w composite?
True
Suppose -4*v = -0*v - 2524. Is v composite?
False
Suppose 0*v - 2*v + 1969 = 3*s, v = s - 648. Is s composite?
False
Suppose 5*j = 10*j - 23455. Is j prime?
True
Is 1/((-4)/16) + 1073 a prime number?
True
Suppose 0*p + 5*p - 1025 = 2*g, -2*p = 2*g - 396. Is p a prime number?
False
Let s be (-4)/(-20) - (-14)/5. Suppose 4*f + 340 = s*r + 90, -5*f - 87 = -r. Suppose 5*p = 333 + r. Is p composite?
False
Suppose 0*a - 12 = 2*a. Is (-5)/15 + (-1556)/a a composite number?
True
Suppose 4*x + 0*d - 11 = 5*d, -8 = -x - 4*d. Suppose 6 + 6 = x*n. Suppose -t - 4*t = -n*q - 101, 2*t = -2*q + 34. Is t a prime number?
True
Let x = -13 + 14. Suppose 3*f = o - 141 + x, 3*o + 2*f - 387 = 0. Is o a prime number?
True
Suppose 5*j + j = 942. Is j prime?
True
Suppose -x = -64 - 162. Is x a prime number?
False
Let i(b) = 2*b + 6. Let a be i(-6). Let v = a + 23. Let p = v + 6. Is p a composite number?
False
Is 682 - (5/(-5) - -4) a prime number?
False
Let q(a) = -a**2 + 8*a - 6. Let m be q(7). Let t(i) = -3*i + 3*i + 3*i**2 + i + m. Is t(4) a prime number?
True
Let d = 1 - -2. Suppose -4*j - d*x + 412 = 0, -6*x + x = -5*j + 550. Is j composite?
True
Suppose -20 = 5*r, 2*n + 3*r + 0*r = 234. Let o(g) = 27*g - 9. Let a be o(7). Let t = a - n. Is t prime?
False
Let t(a) = 3*a + 10. Let y be t(-9). Let l = y + -1. Is ((-228)/l)/(1/3) a composite number?
True
Suppose 0 = -3*f + 4*x + 59 + 16, -2*f = 5*x - 73. Suppose 3*w - 1 = f. Let p = w + -4. Is p a prime number?
False
Suppose -2*n = -4*n + 10. Let c(r) = -r + r**2 - n*r + 5 + 5*r. Is c(6) a prime number?
False
Suppose -15 - 9 = -4*b. Is (5 - b)/((-2)/230) a composite number?
True
Let p(i) = -7*i**3 - i**2 - i + 1. Let l(t) = 6*t**3 - 2. Let w(f) = 4*l(f) + 3*p(f). Is w(4) prime?
True
Suppose 4*k - 3 = -15. Is ((-3)/k)/((-2)/(-166)) a prime number?
True
Suppose 846 = 4*o - 3*t, -401 - 242 = -3*o - 2*t. Is o a composite number?
True
Suppose -2*o + 36 = -4*o. Let s be 12/o*(-18)/4. Suppose 3*t - 181 = 5*w - 9, -s*w - 64 = -t. Is t prime?
False
Suppose -3*h = c - 108 - 37, -3*h + 160 = -2*c. Let z = h + 9. Is z a prime number?
True
Suppose g + 7 + 1 = 0. Let s be g/(-12) + 1/3. Is (s + (-6)/(-4))*6 prime?
False
Suppose 0 = 5*f - 0*f - 15. Suppose v = 4*l - 18, 4*l - l - 9 = f*v. Suppose 0 = -v*z + 220 + 414. Is z prime?
True
Suppose 25 = -5*y, 3*r + 6*y - y = 92. Suppose -6*c - 103 = -4*j - 3*c, -c + r = 2*j. Is j a prime number?
False
Let v = 660 + -367. Is v composite?
False
Let k be -84*((-3)/6 - 1). Suppose 4*v - 5*c = 248, -2*v = 2*c - 4*c - k. Is v a composite number?
False
Let j = 417 - 238. Is j a prime number?
True
Suppose 10 + 26 = -3*p. Suppose -82 = 4*s - 538. Is (8/p)/((-4)/s) composite?
False
Suppose -10 = -s + 2*k, 3*k - 14 = s + 7*k. Suppose -80 = -s*b - 2*b. Is (-2)/5 + 1588/b a composite number?
False
Let t = -1546 + 3367. Is t a prime number?
False
Let f = 104 - 69. Is f a composite number?
True
Let i(z) be the third derivative of z**4/4 + z**3/2 - z**2. Let j be i(5). Suppose -3*b = 4*x - 42, -2*x + 23 = 5*b - j. Is b prime?
False
Is ((-2)/2)/(3/(-6141)) prime?
False
Suppose -3*h + 2*h = -97. Let b(i) = i**3 - 11*i**2 - 14*i - 4. Let c be b(13). Let n = c - h. Is n prime?
False
Suppose 3*m + 9293 = 5*n + 4*m, -2*m = 4*n - 7438. Is n a prime number?
False
Suppose -9 = -2*i + 1. Suppose -744 = -i*r + 1861. Is r a composite number?
False
Is (-171)/(-4) - (-7)/28 a composite number?
False
Let c(t) = t**3 + 17*t**2 + 3*t + 3. Is c(-16) a composite number?
False
Let c be 3 - (-5 + -1)/3. Suppose -421 = -c*j + 4*b, j + 7*b = 3*b + 89. Is j composite?
True
Let z = -2 + 18. Let l = 85 - 52. Let y = l + z. Is y a prime number?
False
Let y(m) = -11*m + 2. Suppose -5*p + 7 + 18 = 0. Suppose 5*u + 17 = q + p, 0 = 2*q + 5*u + 21. Is y(q) composite?
True
Let k = 20 - -9. Let g = 8 - k. Is (-14)/g*(-9)/(-2) a prime number?
True
Let v(y) = y - 2. Let l be v(6). Suppose -4*p = -3*p - l. Suppose -5*z + 78 = p*n - 55, n + 4*z = 25. Is n composite?
False
Let o(v) = 232*v**2 - v. Is o(-1) a prime number?
True
Let m = 175 - 108. Is m a prime number?
True
Let x(r) = 623*r - 22. Is x(9) composite?
True
Let j = 1600 + -779. Is j a prime number?
True
Let p = 18 - 28. Is (-124)/p*5/1 prime?
False
Let m = -172 - -300. Suppose -2*f + 116 = 2*x - m, 3*f + 5*x - 356 = 0. Is f a prime number?
True
Let g = 34 + -80. Let t = 165 + g. Is t a prime number?
False
Let y be -1 + 3*12/9. Let x be 12 + 6/y*1. Suppose -h = 2*o - 25, -5*o - x = -3*h + 28. Is h prime?
True
Let a(m) = m**3 + 9*m**2 + 6*m - 6. Let p be a(-8). Let n = 6 + -2. Is (p/6)/(n/84) prime?
False
Is (-1)/((-887)/443 - -2) composite?
False
Let q(a) = 11*a**2 - a - 11. Is q(6) prime?
True
Suppose 5 = z + 2. Suppose 4*f = z*j - 12 - 2, -3*j = 3*f - 21. Suppose -111 = -j*v + 3*v. Is v composite?
False
Suppose 0 = 4*h - 8, 3*b - 5*h = 911. Is b a prime number?
True
Let j(v) = -v**3 + 7*v**2 + 8*v + 4. Suppose 0*c = c - 8. Let z be j(c). Suppose -z*r = -30 - 94. Is r a prime number?
True
Suppose 1086 = 5*m - 1984. Suppose -5*w + m = 2*v, -v = 2*v + 4*w - 935. Is v composite?
False
Let a = 433 - 275. Suppose -q - q - 4*i = -a, 4*q - 381 = 5*i. Is q a composite number?
False
Let x(u) = 16*u**2 - u + 3. Let m(d) = -31*d**2 + 3*d - 6. Let g(j) = -3*m(j) - 5*x(j). Suppose 3*q + 2*s - 15 + 1 = 0, -18 = -3*q - 3*s. Is g(q) composite?
False
Is (5/(-20)*-28)/((-2)/(-386)) a prime number?
False
Let a = 158 - -33. Is a composite?
False
Suppose 0*g - 60 = -4*g. Let r be -2 - -2 - 3 - 3. Is (g/r)/1*-22 a composite number?
True
Let r(j) = -2*j - 5. Let i be r(-9). Let l(h) = 10*h + 19. Is l(i) prime?
True
Suppose 0 = -4*q + 12, 0 = h + 4*q - 13 + 3. Is 29/((-2)/(5*h)) prime?
False
Suppose -5*f = y - 3*f + 3, 4*y + 4*f - 4 = 0. Suppose 4*d = -d + y. Suppose 2*q = 13 + d. Is q a composite number?
False
Suppose -4*h - h + 5 = 3*b, 3*b + 2*h = -7. Let f(o) = -o**3 + 4*o**2 + 4*o + 6. Is f(b) a composite number?
False
Let b(q) = 25*q**2 + 7*q - 13. Is b(3) a composite number?
False
Let a(v) be the third derivative of v**6/40 - 2*v**5/15 + 7*v**4/24 - 7*v**3/6 + 4*v**2. Is a(6) composite?
True
Let w(j) be the first derivative of j**2/2 - j - 1. Let s be w(1). Suppose s = -2*t - y + 99, -2*y - 191 = -4*t + 3*y. Is t a prime number?
False
Let c = -3425 + 5226. Is c prime?
True
Suppose -3*c - 3*k - 1128 = -4*k, -3*c = 5*k + 1128. Let w = c - -567. Is w composite?
False
Let n = -3 - 3. Let i be (-2)/3 - 34/n. Suppose 285 = i*w - 160. Is w a prime number?
True
Let j(u) = u**3 - 3*u**2 - 4*u - 8. Is j(5) a composite number?
True
Suppose 2*c - 8 = 0, -x + c + 93 = -94. Is x a prime number?
True
Suppose -4*x + 4270 = -1174. Is x a composite number?
False
Suppose 0 = v - q - 98, -8*q + 171 = 2*v - 5*q. Suppo